)?
0
Let g = -216 - -221. Suppose 5*m - 10*c + 6*c = 3703, -3*c = -g*m + 3706. What is the units digit of m?
3
Let g = 4997 - 2481. What is the thousands digit of g?
2
Let c(t) be the first derivative of -t**3 + 27*t**2/2 - 11*t + 1. Let r(b) = b**3 + 5*b**2 + 88*b + 342. Let l be r(-4). What is the tens digit of c(l)?
4
Suppose 5*i + 8*n = 4*n + 129499, 0 = -3*n - 12. What is the thousands digit of i?
5
Let d = -567 + 573. Suppose -g = -d*t + 4*t - 868, 2*t - 4 = 0. What is the hundreds digit of g?
8
Suppose -901*w - 118142 = -920*w. What is the thousands digit of w?
6
Suppose 0 = 6*j - 5*j + 5*k, -5*j = 4*k. Suppose j = -2*v - 10*v + 11916. What is the tens digit of v?
9
Suppose 10 = 3*b - 5*s, -5*b = s + 1 + 1. Suppose 26*n - 23*n - 696 = b. What is the tens digit of n?
3
Let h = 4269 + 2730. What is the thousands digit of h?
6
Suppose 3*z + z = 44. Let k = 409 + -404. Suppose -4*d + 89 = -y, -4*y = -k*d + 92 + z. What is the units digit of d?
3
Let f = 11414 - 5209. What is the thousands digit of f?
6
What is the hundreds digit of ((-194)/(-6))/(10*(-12)/(-19800))?
3
Let c(f) = -17*f - 201. Let g be c(20). Let h = 1145 + g. What is the tens digit of h?
0
Let g(c) = -38*c**3 + 12*c**2 + 5*c + 73. What is the units digit of g(-6)?
3
Let c = 96 + -97. Let p be 4 + ((-11722)/(-8) - c/(-4)). Suppose -7*t = 6*t - p. What is the tens digit of t?
1
Suppose f + 173 - 1385 = q, 0 = 3*q + 5*f + 3652. Let j = 1850 + q. What is the tens digit of j?
3
Let o(b) = b**3 - b**2 - 2*b + 2. Let t(x) = x**3 + 6*x**2 - 3*x - 13. Let u be t(-6). Suppose u*z = 16*z - 55. What is the tens digit of o(z)?
9
Let u(j) = -479*j - 72. Let s be u(-5). Let t = s + -964. What is the hundreds digit of t?
3
Suppose -3*s - 2 + 8 = 0. Let v(g) = 3*g + 3. Let x be v(3). What is the tens digit of (-23)/s*-4*6/x?
2
Suppose 85 + 20 = -5*b. Let q(w) = -2*w**2 - 43*w - 25. Let v be q(b). What is the units digit of 8*(v/(-16) + 2)?
8
Suppose 4*h - 3*v = 64479, v + 32235 = 39*h - 37*h. What is the ten thousands digit of h?
1
Let g(o) = -o**3 - 6*o**2 + 3. Let a be g(-6). Let u(r) = -15*r**2 - 2*r**3 - a*r**2 + 1 + 13*r**2 - 13*r. What is the tens digit of u(-4)?
0
Suppose 4*s = -2*y + 526, -s - 3*y + 142 = -6*y. What is the hundreds digit of (3150/49)/9*s?
9
Suppose -15 = 2*d + 59. Let l = d - -37. Suppose l*q - q + 24 = 0. What is the tens digit of q?
2
Suppose 0 = l - 6*l - 3*g + 1092, 0 = l - 2*g - 208. What is the tens digit of (l/162)/(4/1563)?
2
Let f = 14 - -246. Suppose -6*h + f = -2*h. Let z = h - 43. What is the units digit of z?
2
Let p(d) = d**2 + 11*d + 16. Let i be p(-11). What is the hundreds digit of i/24 - (-3244)/12?
2
Suppose 319802 - 1252 = 46*h. What is the hundreds digit of h?
9
Let x = 17718 - 11756. What is the hundreds digit of x?
9
Suppose -156 = -6*s + 5*s + b, 2*b + 473 = 3*s. Suppose -j + s - 38 = 0. What is the units digit of j?
3
Let i = -3144 - -5572. Let h = i + -1579. What is the tens digit of h?
4
Suppose 5*c = -5*y + 16 + 14, -c + 2*y = -3. Suppose 2*z = 11 - c. Suppose -82 = -z*m + m. What is the units digit of m?
1
Let k(t) = -201*t**3 + 15*t**2 + 6*t + 3. What is the thousands digit of k(-3)?
5
Let m(v) = -305*v + 10369. What is the units digit of m(20)?
9
Let o(k) = 302*k + 302*k + 279 - 592*k. What is the tens digit of o(44)?
0
What is the units digit of 1801*(-1*7 + (42 - (-19 - -28)))?
6
Let w be ((-3735)/90 + 41)/(1 + (-74)/76). Let d = -5 - 6. What is the hundreds digit of (w/1)/(d/154)?
2
Suppose 27788 = 5*p - 3*l, -3*p + 41*l - 47*l = -16704. What is the thousands digit of p?
5
Let j = 750 + 7369. What is the hundreds digit of j?
1
Let t(i) = 985*i + 198. What is the tens digit of t(8)?
7
Suppose 11924*v = 11931*v - 21763. What is the units digit of v?
9
Suppose 0 = -i + 3*y + 2, 0 = 3*i - 5*y + 1 - 7. What is the tens digit of i*(-3)/(-6)*10*28?
8
Suppose -42 + 37 = -f, -2*f - 15079 = -m. What is the thousands digit of m?
5
Let t(b) be the first derivative of 1/2*b**2 - 11 + 4*b**4 + 0*b**3 + 3*b. What is the hundreds digit of t(2)?
1
Let u(o) = o**2 - 10*o + 10. Let z = -137 + 150. What is the units digit of u(z)?
9
Suppose 0 = 12*k + 3*f - 73776, -5*k = -51*f + 53*f - 30734. What is the tens digit of k?
5
Let l = -570 + 888. Let j = -254 + l. What is the units digit of j?
4
Let g(a) be the first derivative of 4*a**3/3 + a**2 - 7. Let m be g(-1). Suppose -m*q = -3*q + 96. What is the tens digit of q?
9
Let i be (35/(-60) - (-1)/3)*4. Let o be 48/9 + i/3. Suppose -2*l + 491 = 3*t + 2*l, o*l - 171 = -t. What is the units digit of t?
1
Suppose z + 8*z - 174983 = 86287. What is the tens digit of z?
3
Let u be 28/21*(-3)/(-2). Suppose l - 1 = 2*d, -4*l + u = -d - 2*l. Suppose -9*w + 2*w + 693 = d. What is the units digit of w?
9
Let h = -1327 + 3991. What is the units digit of h?
4
Suppose r - 1 = 0, -2*z - 15*r + 19*r = -20. Suppose -2094 = -z*f + 5694. What is the tens digit of f?
4
Suppose 0 = 50*u - 43*u - 37604. What is the units digit of u?
2
Let b(w) = -w**2 - 2*w - 3. Let a be b(-2). Let h = -147 - -159. What is the units digit of (-42)/h*(a + -11)?
9
Let z(v) = -2*v**2 - 25*v + 13. Let x be z(-12). Suppose -3*l + x - 10 = 0. Suppose q + 3*t - 93 = -t, 390 = l*q - 5*t. What is the tens digit of q?
8
What is the units digit of ((-171)/(-15))/((9/29175)/((-48)/(-40)))?
6
Let s = 489 + -12. Suppose -5*g + 953 = -752. Let u = s - g. What is the tens digit of u?
3
Let s = -134 - -158. Suppose 0 = 5*i - s - 161. What is the units digit of i?
7
Suppose -5*c - 71 = -c + 3*m, 3*m = 5*c + 82. Let o be 8411/130 + (-6)/(-20). Let f = c + o. What is the tens digit of f?
4
Let p(w) be the first derivative of 11*w**3/3 - 6*w**2 - 43*w - 3. What is the tens digit of p(-6)?
2
Suppose 0 = 2*t + 2*j - 13856, -40*j = -43*j. Suppose t = 9*q - 1424. What is the units digit of q?
8
Suppose 6 = 4*n - 2*n. Suppose -5 = 3*m - 0*m - 4*j, -n*j + 40 = 5*m. Suppose 252 = m*z - 298. What is the hundreds digit of z?
1
Let t = 9725 - -1861. What is the thousands digit of t?
1
What is the thousands digit of (((-436)/(-12))/((-2)/42))/((-570)/4560)?
6
Suppose 106 = 4*s - 2*s + 2*m, -s + 53 = -5*m. Suppose s*v - 50*v = 180. Suppose 5*o + v = 790. What is the hundreds digit of o?
1
What is the thousands digit of (32/(-8))/(3 + 278109/(-92691))?
0
Let t = 10441 - 6887. What is the tens digit of t?
5
Suppose 0*w - 12 = -4*w, -p + 2*w - 2 = 0. Suppose 628 = p*o + j + 3*j, 3*j + 753 = 5*o. What is the tens digit of o?
5
Let t(o) = -o**3 - 11*o**2 - 2*o - 16. Let x be t(-11). Let u(g) = 2*g**2 + 9*g + 3. Let s be u(x). Let n = s - -2. What is the tens digit of n?
3
Let x(w) = 1589*w**2 - 8*w - 7. Let d be x(-1). Suppose -4*p - 2*q + 3164 = -4*q, -5*q - d = -2*p. What is the units digit of p?
0
Let m(s) = 255*s**2 - 438*s - 3933. What is the hundreds digit of m(-9)?
6
Let s(t) = 7*t**2 - 6*t - 14. Suppose 62*f = 63*f - 7. Let j be s(f). Let k = j - 191. What is the tens digit of k?
9
Suppose 10*z + 391 = 1291. What is the tens digit of 8430/z - (-4)/3?
9
What is the units digit of 6/9*57294/36?
1
Let c(i) be the third derivative of i**5/30 + 3*i**4/4 + 3*i**3 + 137*i**2. What is the units digit of c(13)?
0
Suppose 0 = 5*k - 5*y + 9*y - 90373, -3*y = -4*k + 72348. What is the tens digit of k?
8
Let x = -13 - -31. Let t be 45*x/(-15)*-1. Suppose 2*a - 3*m - m = t, -4*a + 108 = 5*m. What is the tens digit of a?
2
Let i = -36 + 67. Suppose -30*x = -i*x + 23. Suppose -2*q + x = -31. What is the units digit of q?
7
Let j = 25 + -4. Let y = j - 16. Suppose -y*i + 2 = -18. What is the units digit of i?
4
Let h(p) = 11158*p + 11890. What is the tens digit of h(7)?
9
Let g = -102705 - -183401. What is the units digit of g?
6
Let h(v) = 10*v + 7. Let o be h(5). Suppose k + 78 = 2*s - o, -2*k + 185 = 3*s. Let r = s + -17. What is the tens digit of r?
4
Let l(h) = 41*h**2 + 3*h - 2. Let q be l(2). Suppose -60 - 30 = -9*b. Suppose b*x - 6*x = q. What is the units digit of x?
2
Let r = -86 + 131. Let p = r + -27. Suppose 0 = -5*l - p + 183. What is the units digit of l?
3
What is the tens digit of 46955 - (-15 - (-8 - 10))?
5
What is the hundreds digit of ((-516)/(-42))/((-200)/(-196) - 3 - -2)?
6
Let w(s) = -s**3 + 48*s**2 - 86*s + 18. What is the thousands digit of w(42)?
6
Suppose 0